{"id":2,"date":"2024-08-07T08:11:47","date_gmt":"2024-08-07T06:11:47","guid":{"rendered":"http:\/\/lesfeesdelassiette.fr\/?page_id=2"},"modified":"2024-11-25T08:48:41","modified_gmt":"2024-11-25T07:48:41","slug":"page-d-exemple","status":"publish","type":"page","link":"https:\/\/lesfeesdelassiette.fr\/","title":{"rendered":"Accueil"},"content":{"rendered":"<div class=\"wp-block-image\">\n<figure class=\"aligncenter size-large\"><img loading=\"lazy\" decoding=\"async\" width=\"1024\" height=\"599\" src=\"http:\/\/lesfeesdelassiette.fr\/wp-content\/uploads\/2024\/09\/CelineAmandine-1024x599.jpeg\" alt=\"\" class=\"wp-image-146\" srcset=\"https:\/\/lesfeesdelassiette.fr\/wp-content\/uploads\/2024\/09\/CelineAmandine-1024x599.jpeg 1024w, https:\/\/lesfeesdelassiette.fr\/wp-content\/uploads\/2024\/09\/CelineAmandine-300x176.jpeg 300w, https:\/\/lesfeesdelassiette.fr\/wp-content\/uploads\/2024\/09\/CelineAmandine-768x449.jpeg 768w, https:\/\/lesfeesdelassiette.fr\/wp-content\/uploads\/2024\/09\/CelineAmandine-1536x899.jpeg 1536w, https:\/\/lesfeesdelassiette.fr\/wp-content\/uploads\/2024\/09\/CelineAmandine-1568x917.jpeg 1568w, https:\/\/lesfeesdelassiette.fr\/wp-content\/uploads\/2024\/09\/CelineAmandine.jpeg 1600w\" sizes=\"auto, (max-width: 1024px) 100vw, 1024px\" \/><\/figure>\n<\/div>\n\n<h2 class=\"fonts-plugin-block \" style=\"text-align: center\"><span style=\"color: #099338\" class=\"qubely-text-has-color\">C\u00e9line et Amandine,<br>conseill\u00e8res et formatrices en Alimentation Sant\u00e9<\/span><\/h2>\n\n\n<p class=\"has-text-align-left\">Une alimentation \u00e9quilibr\u00e9e et diversifi\u00e9e est aujourd\u2019hui reconnue gage de bonne sant\u00e9.<\/p>\n\n\n\n<p class=\"has-text-align-left\">Au fil des ann\u00e9es et de notre exp\u00e9rience sur le terrain, nous avons remarqu\u00e9 que les publics d\u2019aujourd\u2019hui ont de <strong>nombreuses carences dans le domaine alimentaire<\/strong>.<\/p>\n\n\n\n<p class=\"has-text-align-left\">Les notions de cuisine, d\u2019\u00e9quilibre alimentaire, de produits frais, ne sont en effet plus enseign\u00e9es. Et pourtant, la mont\u00e9e inqui\u00e9tante de l\u2019ob\u00e9sit\u00e9, du diab\u00e8te, des cancers, indique qu\u2019il est <strong>urgent de sensibiliser les nouvelles g\u00e9n\u00e9rations \u00e0 un art de vivre plus sain<\/strong>.<\/p>\n\n\n\n<p class=\"has-text-align-left\">C\u2019est pourquoi nous vous proposons de d\u00e9couvrir ce concept via nos interventions et formations, en toute convivialit\u00e9, et pour le bonheur des papilles.<\/p>\n\n\n\n<p class=\"has-text-align-left\">L\u2019alimentation fermi\u00e8re, locale et \u00e9quitable est aujourd\u2019hui reconnue comme facteur de d\u00e9veloppement durable.<\/p>\n\n\n<h2 class=\"fonts-plugin-block \" style=\"text-align: center\"><span style=\"color: #099338\" class=\"qubely-text-has-color\">Notre savoir-faire<\/span><\/h2>\n\n<p class=\"fonts-plugin-block \" style=\"text-align: left\">En tant qu\u2019animatrices et formatrices \u00e0 l\u2019alimentation sant\u00e9, nous proposons des ateliers cuisine et des formations visant \u00e0 sensibiliser les diff\u00e9rents publics que nous accompagnons, du plus jeune \u00e2ge aux s\u00e9niors, \u00e0 une hygi\u00e8ne alimentaire et de vie de qualit\u00e9, saine et durable.<br>Ayant travaill\u00e9 plusieurs ann\u00e9es chez Saveurs et Savoirs, nous y avons d\u00e9velopp\u00e9 une m\u00e9thode sp\u00e9cifique d\u00e9di\u00e9e \u00e0 l\u2019alimentation sant\u00e9, biologique et locale, apportant \u00e9galement du plaisir au quotidien.<br>Nous sommes issues de parcours compl\u00e9mentaires, m\u00ealant l\u2019\u00c9conomie Sociale et Familiale\u00a0et la Naturopathie.<br>Nous intervenons sur les territoires de l\u2019Agglom\u00e9ration Seine-Eure, la Communaut\u00e9 de Communes Lyons-Andelle et la M\u00e9tropole de Rouen.<br><br>Notre public est large : des enfants et adolescents, en structure scolaire ou non, populations de tous horizons, des personnes \u00e2g\u00e9es aux personnes en situation de pr\u00e9carit\u00e9 et\/ou de handicap.<br>Nous intervenons \u00e9galement aupr\u00e8s des professionnels\u00a0: formateurs en centres de loisirs, cuisiniers en restauration collective, enseignants, etc.<br>Pour nous aider \u00e0 mettre en \u0153uvre nos diff\u00e9rentes projets, nous travaillons en partenariat avec des associations et des collectivit\u00e9s, par exemple\u00a0: Association HAUGHR aux Hogues, Le Moulin Amour, l\u2019agglom\u00e9ration Seine-Eure, le D\u00e9partement de l\u2019Eure, la R\u00e9gion Normandie\u2026<br><\/p>\n\n\n<div class=\"wp-block-columns is-layout-flex wp-container-core-columns-is-layout-28f84493 wp-block-columns-is-layout-flex\">\n<div class=\"wp-block-column is-layout-flow wp-block-column-is-layout-flow\"><div class=\"wp-block-image\">\n<figure class=\"aligncenter size-large is-resized\"><img loading=\"lazy\" decoding=\"async\" width=\"1024\" height=\"743\" src=\"https:\/\/lesfeesdelassiette.fr\/wp-content\/uploads\/2024\/11\/Nous-deux-formatrices_recentree-1-1024x743.jpg\" alt=\"\" class=\"wp-image-274\" style=\"width:627px;height:auto\" srcset=\"https:\/\/lesfeesdelassiette.fr\/wp-content\/uploads\/2024\/11\/Nous-deux-formatrices_recentree-1-1024x743.jpg 1024w, https:\/\/lesfeesdelassiette.fr\/wp-content\/uploads\/2024\/11\/Nous-deux-formatrices_recentree-1-300x218.jpg 300w, https:\/\/lesfeesdelassiette.fr\/wp-content\/uploads\/2024\/11\/Nous-deux-formatrices_recentree-1-768x557.jpg 768w, https:\/\/lesfeesdelassiette.fr\/wp-content\/uploads\/2024\/11\/Nous-deux-formatrices_recentree-1.jpg 1200w\" sizes=\"auto, (max-width: 1024px) 100vw, 1024px\" \/><\/figure>\n<\/div><\/div>\n<\/div>\n\n\n\n<p>Nos objectifs&nbsp;sont&nbsp;:<br>D\u2019\u00e9duquer \u00e0 des comportements favorables \u00e0 la sant\u00e9 au quotidien \u00e0 travers une alimentation saine et durable&nbsp;;<br>De permettre l\u2019acquisition de connaissances adapt\u00e9es \u00e0 chaque public, dans une ambiance ludique, joyeuse et conviviale&nbsp;;<br>De d\u00e9velopper la confiance en soi \u00e0 travers la d\u00e9couverte et la prise d\u2019initiative selon les envies et capacit\u00e9s de chacun&nbsp;;<br>De favoriser les \u00e9changes au sein du groupe afin de cr\u00e9er du lien entre les participants<br>&nbsp;<br>Les atouts de notre&nbsp;bin\u00f4me&nbsp;:<br>Nous, C\u00e9line et Amandine, \u00e9tudions vos demandes conjointement, puis d\u00e9cidons laquelle de nous deux sera porteuse du projet. Chacune ayant sa propre entreprise, la facturation est donc r\u00e9dig\u00e9e par l\u2019une et\/ou l\u2019autre des deux structures, nomm\u00e9es respectivement C\u00e9line Demaegdt et Amandine Boutel.<\/p>\n\n\n<h2 class=\"fonts-plugin-block \" style=\"text-align: center\"><span style=\"color: #099338\" class=\"qubely-text-has-color\">Un approvisionnement biologique et local<\/span><\/h2>\n\n\n<p>Nous utilisons majoritairement des produits bios et locaux. Notre approvisionnement se fait aupr\u00e8s de paysans locaux, engag\u00e9s en agriculture biologique, et install\u00e9s en vente directe. &nbsp;Leurs produits sont de saison, et pr\u00e9par\u00e9s \u00e0 la ferme.<\/p>\n\n\n\n<p>Les produits non disponibles localement comme la moutarde, le sel, les \u00e9pices, etc., sont achet\u00e9s dans des magasins biologiques.<\/p>\n\n\n\n<div class=\"wp-block-columns is-layout-flex wp-container-core-columns-is-layout-28f84493 wp-block-columns-is-layout-flex\">\n<div class=\"wp-block-column is-layout-flow wp-block-column-is-layout-flow\">\n<figure class=\"wp-block-image size-large\"><img loading=\"lazy\" decoding=\"async\" width=\"1024\" height=\"768\" src=\"https:\/\/lesfeesdelassiette.fr\/wp-content\/uploads\/2024\/11\/Main-avec-tomate-cerises-1024x768.jpg\" alt=\"\" class=\"wp-image-245\" srcset=\"https:\/\/lesfeesdelassiette.fr\/wp-content\/uploads\/2024\/11\/Main-avec-tomate-cerises-1024x768.jpg 1024w, https:\/\/lesfeesdelassiette.fr\/wp-content\/uploads\/2024\/11\/Main-avec-tomate-cerises-300x225.jpg 300w, https:\/\/lesfeesdelassiette.fr\/wp-content\/uploads\/2024\/11\/Main-avec-tomate-cerises-768x576.jpg 768w, https:\/\/lesfeesdelassiette.fr\/wp-content\/uploads\/2024\/11\/Main-avec-tomate-cerises-1536x1152.jpg 1536w, https:\/\/lesfeesdelassiette.fr\/wp-content\/uploads\/2024\/11\/Main-avec-tomate-cerises-2048x1536.jpg 2048w\" sizes=\"auto, (max-width: 1024px) 100vw, 1024px\" \/><\/figure>\n<\/div>\n\n\n\n<div class=\"wp-block-column is-layout-flow wp-block-column-is-layout-flow\">\n<figure class=\"wp-block-image size-large\"><img loading=\"lazy\" decoding=\"async\" width=\"1024\" height=\"768\" src=\"https:\/\/lesfeesdelassiette.fr\/wp-content\/uploads\/2024\/11\/Table-avec-denrees-eparpillees-1024x768.jpg\" alt=\"\" class=\"wp-image-246\" srcset=\"https:\/\/lesfeesdelassiette.fr\/wp-content\/uploads\/2024\/11\/Table-avec-denrees-eparpillees-1024x768.jpg 1024w, https:\/\/lesfeesdelassiette.fr\/wp-content\/uploads\/2024\/11\/Table-avec-denrees-eparpillees-300x225.jpg 300w, https:\/\/lesfeesdelassiette.fr\/wp-content\/uploads\/2024\/11\/Table-avec-denrees-eparpillees-768x576.jpg 768w, https:\/\/lesfeesdelassiette.fr\/wp-content\/uploads\/2024\/11\/Table-avec-denrees-eparpillees-1536x1152.jpg 1536w, https:\/\/lesfeesdelassiette.fr\/wp-content\/uploads\/2024\/11\/Table-avec-denrees-eparpillees-2048x1536.jpg 2048w\" sizes=\"auto, (max-width: 1024px) 100vw, 1024px\" \/><\/figure>\n<\/div>\n\n\n\n<div class=\"wp-block-column is-layout-flow wp-block-column-is-layout-flow\">\n<figure class=\"wp-block-image size-large\"><img loading=\"lazy\" decoding=\"async\" width=\"1024\" height=\"768\" src=\"https:\/\/lesfeesdelassiette.fr\/wp-content\/uploads\/2024\/11\/Bruschetta-neufchatel-frais-1024x768.jpg\" alt=\"\" class=\"wp-image-247\" srcset=\"https:\/\/lesfeesdelassiette.fr\/wp-content\/uploads\/2024\/11\/Bruschetta-neufchatel-frais-1024x768.jpg 1024w, https:\/\/lesfeesdelassiette.fr\/wp-content\/uploads\/2024\/11\/Bruschetta-neufchatel-frais-300x225.jpg 300w, https:\/\/lesfeesdelassiette.fr\/wp-content\/uploads\/2024\/11\/Bruschetta-neufchatel-frais-768x576.jpg 768w, https:\/\/lesfeesdelassiette.fr\/wp-content\/uploads\/2024\/11\/Bruschetta-neufchatel-frais-1536x1152.jpg 1536w, https:\/\/lesfeesdelassiette.fr\/wp-content\/uploads\/2024\/11\/Bruschetta-neufchatel-frais-2048x1536.jpg 2048w\" sizes=\"auto, (max-width: 1024px) 100vw, 1024px\" \/><\/figure>\n<\/div>\n<\/div>\n\n\n<h2 class=\"fonts-plugin-block \" style=\"text-align: center\"><span style=\"color: #099338\" class=\"qubely-text-has-color\">Objectif z\u00e9ro d\u00e9chet<\/span><\/h2>\n\n\n<p>A travers le th\u00e8me de l\u2019alimentation saine, les publics sont sensibilis\u00e9s au respect de la plan\u00e8te. Nous visons notamment l\u2019objectif  Z\u00e9ro D\u00e9chet. La vaisselle est en verre, en bois et en inox.<\/p>\n\n\n\n<p>Les d\u00e9chets et les emballages sont repris par nos soins puis tri\u00e9s.<\/p>\n\n\n\n<p><\/p>\n","protected":false},"excerpt":{"rendered":"<p>Une alimentation \u00e9quilibr\u00e9e et diversifi\u00e9e est aujourd\u2019hui reconnue gage de bonne sant\u00e9. Au fil des ann\u00e9es et de notre exp\u00e9rience sur le terrain, nous avons remarqu\u00e9 que les publics d\u2019aujourd\u2019hui ont de nombreuses carences dans le domaine alimentaire. Les notions de cuisine, d\u2019\u00e9quilibre alimentaire, de produits frais, ne sont en effet plus enseign\u00e9es. Et pourtant, [&hellip;]<\/p>\n","protected":false},"author":1,"featured_media":0,"parent":0,"menu_order":0,"comment_status":"closed","ping_status":"closed","template":"elementor_theme","meta":{"qubely_global_settings":"","qubely_interactions":"","_editorskit_title_hidden":false,"_editorskit_reading_time":0,"_editorskit_is_block_options_detached":false,"_editorskit_block_options_position":"{}","footnotes":""},"class_list":["post-2","page","type-page","status-publish","hentry"],"_links":{"self":[{"href":"https:\/\/lesfeesdelassiette.fr\/index.php?rest_route=\/wp\/v2\/pages\/2","targetHints":{"allow":["GET"]}}],"collection":[{"href":"https:\/\/lesfeesdelassiette.fr\/index.php?rest_route=\/wp\/v2\/pages"}],"about":[{"href":"https:\/\/lesfeesdelassiette.fr\/index.php?rest_route=\/wp\/v2\/types\/page"}],"author":[{"embeddable":true,"href":"https:\/\/lesfeesdelassiette.fr\/index.php?rest_route=\/wp\/v2\/users\/1"}],"replies":[{"embeddable":true,"href":"https:\/\/lesfeesdelassiette.fr\/index.php?rest_route=%2Fwp%2Fv2%2Fcomments&post=2"}],"version-history":[{"count":19,"href":"https:\/\/lesfeesdelassiette.fr\/index.php?rest_route=\/wp\/v2\/pages\/2\/revisions"}],"predecessor-version":[{"id":275,"href":"https:\/\/lesfeesdelassiette.fr\/index.php?rest_route=\/wp\/v2\/pages\/2\/revisions\/275"}],"wp:attachment":[{"href":"https:\/\/lesfeesdelassiette.fr\/index.php?rest_route=%2Fwp%2Fv2%2Fmedia&parent=2"}],"curies":[{"name":"wp","href":"https:\/\/api.w.org\/{rel}","templated":true}]}}

<div class="wp-block-image">
<figure class="aligncenter size-large"><img loading="lazy" decoding="async" width="1024" height="599" src="http://lesfeesdelassiette.fr/wp-content/uploads/2024/09/CelineAmandine-1024x599.jpeg" alt="" class="wp-image-146" srcset="https://lesfeesdelassiette.fr/wp-content/uploads/2024/09/CelineAmandine-1024x599.jpeg 1024w, https://lesfeesdelassiette.fr/wp-content/uploads/2024/09/CelineAmandine-300x176.jpeg 300w, https://lesfeesdelassiette.fr/wp-content/uploads/2024/09/CelineAmandine-768x449.jpeg 768w, https://lesfeesdelassiette.fr/wp-content/uploads/2024/09/CelineAmandine-1536x899.jpeg 1536w, https://lesfeesdelassiette.fr/wp-content/uploads/2024/09/CelineAmandine-1568x917.jpeg 1568w, https://lesfeesdelassiette.fr/wp-content/uploads/2024/09/CelineAmandine.jpeg 1600w" sizes="auto, (max-width: 1024px) 100vw, 1024px" /></figure>
</div>

<h2 class="fonts-plugin-block " style="text-align: center"><span style="color: #099338" class="qubely-text-has-color">Céline et Amandine,<br>conseillères et formatrices en Alimentation Santé</span></h2>


<p class="has-text-align-left">Une alimentation équilibrée et diversifiée est aujourd’hui reconnue gage de bonne santé.</p>



<p class="has-text-align-left">Au fil des années et de notre expérience sur le terrain, nous avons remarqué que les publics d’aujourd’hui ont de <strong>nombreuses carences dans le domaine alimentaire</strong>.</p>



<p class="has-text-align-left">Les notions de cuisine, d’équilibre alimentaire, de produits frais, ne sont en effet plus enseignées. Et pourtant, la montée inquiétante de l’obésité, du diabète, des cancers, indique qu’il est <strong>urgent de sensibiliser les nouvelles générations à un art de vivre plus sain</strong>.</p>



<p class="has-text-align-left">C’est pourquoi nous vous proposons de découvrir ce concept via nos interventions et formations, en toute convivialité, et pour le bonheur des papilles.</p>



<p class="has-text-align-left">L’alimentation fermière, locale et équitable est aujourd’hui reconnue comme facteur de développement durable.</p>


<h2 class="fonts-plugin-block " style="text-align: center"><span style="color: #099338" class="qubely-text-has-color">Notre savoir-faire</span></h2>

<p class="fonts-plugin-block " style="text-align: left">En tant qu’animatrices et formatrices à l’alimentation santé, nous proposons des ateliers cuisine et des formations visant à sensibiliser les différents publics que nous accompagnons, du plus jeune âge aux séniors, à une hygiène alimentaire et de vie de qualité, saine et durable.<br>Ayant travaillé plusieurs années chez Saveurs et Savoirs, nous y avons développé une méthode spécifique dédiée à l’alimentation santé, biologique et locale, apportant également du plaisir au quotidien.<br>Nous sommes issues de parcours complémentaires, mêlant l’Économie Sociale et Familiale et la Naturopathie.<br>Nous intervenons sur les territoires de l’Agglomération Seine-Eure, la Communauté de Communes Lyons-Andelle et la Métropole de Rouen.<br><br>Notre public est large : des enfants et adolescents, en structure scolaire ou non, populations de tous horizons, des personnes âgées aux personnes en situation de précarité et/ou de handicap.<br>Nous intervenons également auprès des professionnels : formateurs en centres de loisirs, cuisiniers en restauration collective, enseignants, etc.<br>Pour nous aider à mettre en œuvre nos différentes projets, nous travaillons en partenariat avec des associations et des collectivités, par exemple : Association HAUGHR aux Hogues, Le Moulin Amour, l’agglomération Seine-Eure, le Département de l’Eure, la Région Normandie…<br></p>


<div class="wp-block-columns is-layout-flex wp-container-core-columns-is-layout-28f84493 wp-block-columns-is-layout-flex">
<div class="wp-block-column is-layout-flow wp-block-column-is-layout-flow"><div class="wp-block-image">
<figure class="aligncenter size-large is-resized"><img loading="lazy" decoding="async" width="1024" height="743" src="https://lesfeesdelassiette.fr/wp-content/uploads/2024/11/Nous-deux-formatrices_recentree-1-1024x743.jpg" alt="" class="wp-image-274" style="width:627px;height:auto" srcset="https://lesfeesdelassiette.fr/wp-content/uploads/2024/11/Nous-deux-formatrices_recentree-1-1024x743.jpg 1024w, https://lesfeesdelassiette.fr/wp-content/uploads/2024/11/Nous-deux-formatrices_recentree-1-300x218.jpg 300w, https://lesfeesdelassiette.fr/wp-content/uploads/2024/11/Nous-deux-formatrices_recentree-1-768x557.jpg 768w, https://lesfeesdelassiette.fr/wp-content/uploads/2024/11/Nous-deux-formatrices_recentree-1.jpg 1200w" sizes="auto, (max-width: 1024px) 100vw, 1024px" /></figure>
</div></div>
</div>



<p>Nos objectifs&nbsp;sont&nbsp;:<br>D’éduquer à des comportements favorables à la santé au quotidien à travers une alimentation saine et durable&nbsp;;<br>De permettre l’acquisition de connaissances adaptées à chaque public, dans une ambiance ludique, joyeuse et conviviale&nbsp;;<br>De développer la confiance en soi à travers la découverte et la prise d’initiative selon les envies et capacités de chacun&nbsp;;<br>De favoriser les échanges au sein du groupe afin de créer du lien entre les participants<br>&nbsp;<br>Les atouts de notre&nbsp;binôme&nbsp;:<br>Nous, Céline et Amandine, étudions vos demandes conjointement, puis décidons laquelle de nous deux sera porteuse du projet. Chacune ayant sa propre entreprise, la facturation est donc rédigée par l’une et/ou l’autre des deux structures, nommées respectivement Céline Demaegdt et Amandine Boutel.</p>


<h2 class="fonts-plugin-block " style="text-align: center"><span style="color: #099338" class="qubely-text-has-color">Un approvisionnement biologique et local</span></h2>


<p>Nous utilisons majoritairement des produits bios et locaux. Notre approvisionnement se fait auprès de paysans locaux, engagés en agriculture biologique, et installés en vente directe. &nbsp;Leurs produits sont de saison, et préparés à la ferme.</p>



<p>Les produits non disponibles localement comme la moutarde, le sel, les épices, etc., sont achetés dans des magasins biologiques.</p>



<div class="wp-block-columns is-layout-flex wp-container-core-columns-is-layout-28f84493 wp-block-columns-is-layout-flex">
<div class="wp-block-column is-layout-flow wp-block-column-is-layout-flow">
<figure class="wp-block-image size-large"><img loading="lazy" decoding="async" width="1024" height="768" src="https://lesfeesdelassiette.fr/wp-content/uploads/2024/11/Main-avec-tomate-cerises-1024x768.jpg" alt="" class="wp-image-245" srcset="https://lesfeesdelassiette.fr/wp-content/uploads/2024/11/Main-avec-tomate-cerises-1024x768.jpg 1024w, https://lesfeesdelassiette.fr/wp-content/uploads/2024/11/Main-avec-tomate-cerises-300x225.jpg 300w, https://lesfeesdelassiette.fr/wp-content/uploads/2024/11/Main-avec-tomate-cerises-768x576.jpg 768w, https://lesfeesdelassiette.fr/wp-content/uploads/2024/11/Main-avec-tomate-cerises-1536x1152.jpg 1536w, https://lesfeesdelassiette.fr/wp-content/uploads/2024/11/Main-avec-tomate-cerises-2048x1536.jpg 2048w" sizes="auto, (max-width: 1024px) 100vw, 1024px" /></figure>
</div>



<div class="wp-block-column is-layout-flow wp-block-column-is-layout-flow">
<figure class="wp-block-image size-large"><img loading="lazy" decoding="async" width="1024" height="768" src="https://lesfeesdelassiette.fr/wp-content/uploads/2024/11/Table-avec-denrees-eparpillees-1024x768.jpg" alt="" class="wp-image-246" srcset="https://lesfeesdelassiette.fr/wp-content/uploads/2024/11/Table-avec-denrees-eparpillees-1024x768.jpg 1024w, https://lesfeesdelassiette.fr/wp-content/uploads/2024/11/Table-avec-denrees-eparpillees-300x225.jpg 300w, https://lesfeesdelassiette.fr/wp-content/uploads/2024/11/Table-avec-denrees-eparpillees-768x576.jpg 768w, https://lesfeesdelassiette.fr/wp-content/uploads/2024/11/Table-avec-denrees-eparpillees-1536x1152.jpg 1536w, https://lesfeesdelassiette.fr/wp-content/uploads/2024/11/Table-avec-denrees-eparpillees-2048x1536.jpg 2048w" sizes="auto, (max-width: 1024px) 100vw, 1024px" /></figure>
</div>



<div class="wp-block-column is-layout-flow wp-block-column-is-layout-flow">
<figure class="wp-block-image size-large"><img loading="lazy" decoding="async" width="1024" height="768" src="https://lesfeesdelassiette.fr/wp-content/uploads/2024/11/Bruschetta-neufchatel-frais-1024x768.jpg" alt="" class="wp-image-247" srcset="https://lesfeesdelassiette.fr/wp-content/uploads/2024/11/Bruschetta-neufchatel-frais-1024x768.jpg 1024w, https://lesfeesdelassiette.fr/wp-content/uploads/2024/11/Bruschetta-neufchatel-frais-300x225.jpg 300w, https://lesfeesdelassiette.fr/wp-content/uploads/2024/11/Bruschetta-neufchatel-frais-768x576.jpg 768w, https://lesfeesdelassiette.fr/wp-content/uploads/2024/11/Bruschetta-neufchatel-frais-1536x1152.jpg 1536w, https://lesfeesdelassiette.fr/wp-content/uploads/2024/11/Bruschetta-neufchatel-frais-2048x1536.jpg 2048w" sizes="auto, (max-width: 1024px) 100vw, 1024px" /></figure>
</div>
</div>


<h2 class="fonts-plugin-block " style="text-align: center"><span style="color: #099338" class="qubely-text-has-color">Objectif zéro déchet</span></h2>


<p>A travers le thème de l’alimentation saine, les publics sont sensibilisés au respect de la planète. Nous visons notamment l’objectif  Zéro Déchet. La vaisselle est en verre, en bois et en inox.</p>



<p>Les déchets et les emballages sont repris par nos soins puis triés.</p>



<p></p>

<p>Une alimentation équilibrée et diversifiée est aujourd’hui reconnue gage de bonne santé. Au fil des années et de notre expérience sur le terrain, nous avons remarqué que les publics d’aujourd’hui ont de nombreuses carences dans le domaine alimentaire. Les notions de cuisine, d’équilibre alimentaire, de produits frais, ne sont en effet plus enseignées. Et pourtant, [&hellip;]</p>
